{"id":19,"date":"2026-03-09T17:27:52","date_gmt":"2026-03-09T14:27:52","guid":{"rendered":"https:\/\/lale.dostumbenim.com\/?page_id=19"},"modified":"2026-03-09T17:27:53","modified_gmt":"2026-03-09T14:27:53","slug":"belgelerimiz","status":"publish","type":"page","link":"https:\/\/lale.dostumbenim.com\/index.php\/belgelerimiz\/","title":{"rendered":"Belgelerimiz"},"content":{"rendered":"","protected":false},"excerpt":{"rendered":"","protected":false},"author":1,"featured_media":0,"parent":0,"menu_order":0,"comment_status":"closed","ping_status":"closed","template":"","meta":{"footnotes":""},"class_list":["post-19","page","type-page","status-publish","hentry"],"blocksy_meta":[],"yoast_head":"<!-- This site is optimized with the Yoast SEO plugin v27.6 - https:\/\/yoast.com\/product\/yoast-seo-wordpress\/ -->\n<title>Belgelerimiz - Lale Pide<\/title>\n<meta name=\"robots\" content=\"noindex, follow, max-snippet:-1, max-image-preview:large, max-video-preview:-1\" \/>\n<meta property=\"og:locale\" content=\"tr_TR\" \/>\n<meta property=\"og:type\" content=\"article\" \/>\n<meta property=\"og:title\" content=\"Belgelerimiz - Lale Pide\" \/>\n<meta property=\"og:url\" content=\"https:\/\/lale.dostumbenim.com\/index.php\/belgelerimiz\/\" \/>\n<meta property=\"og:site_name\" content=\"Lale Pide\" \/>\n<meta property=\"article:modified_time\" content=\"2026-03-09T14:27:53+00:00\" \/>\n<meta property=\"og:image\" content=\"https:\/\/lale.dostumbenim.com\/wp-content\/uploads\/2026\/05\/social.jpg\" \/>\n\t<meta property=\"og:image:width\" content=\"1200\" \/>\n\t<meta property=\"og:image:height\" content=\"675\" \/>\n\t<meta property=\"og:image:type\" content=\"image\/jpeg\" \/>\n<meta name=\"twitter:card\" content=\"summary_large_image\" \/>\n<script type=\"application\/ld+json\" class=\"yoast-schema-graph\">{\"@context\":\"https:\\\/\\\/schema.org\",\"@graph\":[{\"@type\":\"WebPage\",\"@id\":\"https:\\\/\\\/lale.dostumbenim.com\\\/index.php\\\/belgelerimiz\\\/\",\"url\":\"https:\\\/\\\/lale.dostumbenim.com\\\/index.php\\\/belgelerimiz\\\/\",\"name\":\"Belgelerimiz - Lale Pide\",\"isPartOf\":{\"@id\":\"https:\\\/\\\/lale.dostumbenim.com\\\/#website\"},\"datePublished\":\"2026-03-09T14:27:52+00:00\",\"dateModified\":\"2026-03-09T14:27:53+00:00\",\"breadcrumb\":{\"@id\":\"https:\\\/\\\/lale.dostumbenim.com\\\/index.php\\\/belgelerimiz\\\/#breadcrumb\"},\"inLanguage\":\"tr\",\"potentialAction\":[{\"@type\":\"ReadAction\",\"target\":[\"https:\\\/\\\/lale.dostumbenim.com\\\/index.php\\\/belgelerimiz\\\/\"]}]},{\"@type\":\"BreadcrumbList\",\"@id\":\"https:\\\/\\\/lale.dostumbenim.com\\\/index.php\\\/belgelerimiz\\\/#breadcrumb\",\"itemListElement\":[{\"@type\":\"ListItem\",\"position\":1,\"name\":\"Anasayfa\",\"item\":\"https:\\\/\\\/lale.dostumbenim.com\\\/\"},{\"@type\":\"ListItem\",\"position\":2,\"name\":\"Belgelerimiz\"}]},{\"@type\":\"WebSite\",\"@id\":\"https:\\\/\\\/lale.dostumbenim.com\\\/#website\",\"url\":\"https:\\\/\\\/lale.dostumbenim.com\\\/\",\"name\":\"Lale Pide\",\"description\":\"Afyonkarahisar&#039;\u0131n Tek Lezzet Dura\u011f\u0131\",\"publisher\":{\"@id\":\"https:\\\/\\\/lale.dostumbenim.com\\\/#organization\"},\"potentialAction\":[{\"@type\":\"SearchAction\",\"target\":{\"@type\":\"EntryPoint\",\"urlTemplate\":\"https:\\\/\\\/lale.dostumbenim.com\\\/?s={search_term_string}\"},\"query-input\":{\"@type\":\"PropertyValueSpecification\",\"valueRequired\":true,\"valueName\":\"search_term_string\"}}],\"inLanguage\":\"tr\"},{\"@type\":\"Organization\",\"@id\":\"https:\\\/\\\/lale.dostumbenim.com\\\/#organization\",\"name\":\"Lale Pide\",\"url\":\"https:\\\/\\\/lale.dostumbenim.com\\\/\",\"logo\":{\"@type\":\"ImageObject\",\"inLanguage\":\"tr\",\"@id\":\"https:\\\/\\\/lale.dostumbenim.com\\\/#\\\/schema\\\/logo\\\/image\\\/\",\"url\":\"https:\\\/\\\/lale.dostumbenim.com\\\/wp-content\\\/uploads\\\/2026\\\/03\\\/logo.svg\",\"contentUrl\":\"https:\\\/\\\/lale.dostumbenim.com\\\/wp-content\\\/uploads\\\/2026\\\/03\\\/logo.svg\",\"width\":427,\"height\":384,\"caption\":\"Lale Pide\"},\"image\":{\"@id\":\"https:\\\/\\\/lale.dostumbenim.com\\\/#\\\/schema\\\/logo\\\/image\\\/\"}}]}<\/script>\n<!-- \/ Yoast SEO plugin. -->","yoast_head_json":{"title":"Belgelerimiz - Lale Pide","robots":{"index":"noindex","follow":"follow","max-snippet":"max-snippet:-1","max-image-preview":"max-image-preview:large","max-video-preview":"max-video-preview:-1"},"og_locale":"tr_TR","og_type":"article","og_title":"Belgelerimiz - Lale Pide","og_url":"https:\/\/lale.dostumbenim.com\/index.php\/belgelerimiz\/","og_site_name":"Lale Pide","article_modified_time":"2026-03-09T14:27:53+00:00","og_image":[{"width":1200,"height":675,"url":"https:\/\/lale.dostumbenim.com\/wp-content\/uploads\/2026\/05\/social.jpg","type":"image\/jpeg"}],"twitter_card":"summary_large_image","schema":{"@context":"https:\/\/schema.org","@graph":[{"@type":"WebPage","@id":"https:\/\/lale.dostumbenim.com\/index.php\/belgelerimiz\/","url":"https:\/\/lale.dostumbenim.com\/index.php\/belgelerimiz\/","name":"Belgelerimiz - Lale Pide","isPartOf":{"@id":"https:\/\/lale.dostumbenim.com\/#website"},"datePublished":"2026-03-09T14:27:52+00:00","dateModified":"2026-03-09T14:27:53+00:00","breadcrumb":{"@id":"https:\/\/lale.dostumbenim.com\/index.php\/belgelerimiz\/#breadcrumb"},"inLanguage":"tr","potentialAction":[{"@type":"ReadAction","target":["https:\/\/lale.dostumbenim.com\/index.php\/belgelerimiz\/"]}]},{"@type":"BreadcrumbList","@id":"https:\/\/lale.dostumbenim.com\/index.php\/belgelerimiz\/#breadcrumb","itemListElement":[{"@type":"ListItem","position":1,"name":"Anasayfa","item":"https:\/\/lale.dostumbenim.com\/"},{"@type":"ListItem","position":2,"name":"Belgelerimiz"}]},{"@type":"WebSite","@id":"https:\/\/lale.dostumbenim.com\/#website","url":"https:\/\/lale.dostumbenim.com\/","name":"Lale Pide","description":"Afyonkarahisar&#039;\u0131n Tek Lezzet Dura\u011f\u0131","publisher":{"@id":"https:\/\/lale.dostumbenim.com\/#organization"},"potentialAction":[{"@type":"SearchAction","target":{"@type":"EntryPoint","urlTemplate":"https:\/\/lale.dostumbenim.com\/?s={search_term_string}"},"query-input":{"@type":"PropertyValueSpecification","valueRequired":true,"valueName":"search_term_string"}}],"inLanguage":"tr"},{"@type":"Organization","@id":"https:\/\/lale.dostumbenim.com\/#organization","name":"Lale Pide","url":"https:\/\/lale.dostumbenim.com\/","logo":{"@type":"ImageObject","inLanguage":"tr","@id":"https:\/\/lale.dostumbenim.com\/#\/schema\/logo\/image\/","url":"https:\/\/lale.dostumbenim.com\/wp-content\/uploads\/2026\/03\/logo.svg","contentUrl":"https:\/\/lale.dostumbenim.com\/wp-content\/uploads\/2026\/03\/logo.svg","width":427,"height":384,"caption":"Lale Pide"},"image":{"@id":"https:\/\/lale.dostumbenim.com\/#\/schema\/logo\/image\/"}}]}},"_links":{"self":[{"href":"https:\/\/lale.dostumbenim.com\/index.php\/wp-json\/wp\/v2\/pages\/19","targetHints":{"allow":["GET"]}}],"collection":[{"href":"https:\/\/lale.dostumbenim.com\/index.php\/wp-json\/wp\/v2\/pages"}],"about":[{"href":"https:\/\/lale.dostumbenim.com\/index.php\/wp-json\/wp\/v2\/types\/page"}],"author":[{"embeddable":true,"href":"https:\/\/lale.dostumbenim.com\/index.php\/wp-json\/wp\/v2\/users\/1"}],"replies":[{"embeddable":true,"href":"https:\/\/lale.dostumbenim.com\/index.php\/wp-json\/wp\/v2\/comments?post=19"}],"version-history":[{"count":1,"href":"https:\/\/lale.dostumbenim.com\/index.php\/wp-json\/wp\/v2\/pages\/19\/revisions"}],"predecessor-version":[{"id":20,"href":"https:\/\/lale.dostumbenim.com\/index.php\/wp-json\/wp\/v2\/pages\/19\/revisions\/20"}],"wp:attachment":[{"href":"https:\/\/lale.dostumbenim.com\/index.php\/wp-json\/wp\/v2\/media?parent=19"}],"curies":[{"name":"wp","href":"https:\/\/api.w.org\/{rel}","templated":true}]}}